econd derivative of 5/12*v**4 - 1/2*v**2 + 0*v**3 - 2*v + 0. What is z(-1)?
4
Let j(d) = -2*d - 6. Let l(y) be the second derivative of -y**6/360 + y**4/6 - y**3/6 + y. Let n(q) be the second derivative of l(q). Let w be n(3). Give j(w).
4
Let h(s) = -s**2 - s - 1. Let q(z) = z**3 + 3 + 5*z**2 + 5*z - 7*z**3 + 0*z**2 + 2*z**3. Let w(l) = -4*h(l) - q(l). Give w(1).
3
Let u(v) = -v**2 - v. Let l be (-4)/2 + 4 - 0. Let x(b) = 4*b**2 + 3*b + 1. Let g(a) = l*x(a) + 9*u(a). Determine g(-5).
-8
Let t = 96 - 95. Let n(p) = 5*p**2 - 1. Give n(t).
4
Let p = 7 + -1. Let w(k) = p*k**2 - 3 - 8*k**2 + 3*k**2. Calculate w(0).
-3
Suppose 4 - 7 = 3*n. Let g be n/(3/(-9)) - -2. Let k(y) = 4*y**2 + 6*y - y - y**3 + 0*y. Give k(g).
0
Let d = 130 + -133. Let k(o) = -o**2 - 2*o + 2. What is k(d)?
-1
Let z(q) = -3*q - 2. Let c = -6 + -1. Let b be z(c). Suppose -5*y - f = -2*f - b, -4*y = -f - 16. Let u(k) = 4*k - 2. Give u(y).
10
Let j(g) be the first derivative of 3*g**2/2 + 1. Suppose 5*c = 5*n - 15, -5*n - c = c - 8. Determine j(n).
6
Suppose 5*p = 15, 2*p - 11 = 2*u - u. Let r(h) = -h**2 - 6*h - 7. Determine r(u).
-2
Let j(r) = -3*r - r**2 + 0*r + 3*r - 1 - 4*r. Suppose -4*f + 8 = 2*h - 5*h, 5*h = 4*f. Suppose 7 = -3*g + o, -5*g - 2*o + 7*o + f = 0. Calculate j(g).
-1
Let x(t) = -t + 559 + 0*t - 564. What is x(-4)?
-1
Suppose -2*o = -7 + 1. Let t(x) = -3*x**2 - x**3 - x - x + o*x + 6 + 5*x. Determine t(-4).
-2
Let r(l) = -l**2 - 6*l + 4. Let d be r(-6). Let z(j) = -9 - 6*j - 89*j**2 + 2*j + 4 + 90*j**2. What is z(d)?
-5
Let i be (2/(-4))/((-5)/30). Let d(w) = 2*w**3 + 2*w**2 + 2 - i*w**3 + 0*w**2. Determine d(3).
-7
Let o(d) = 3*d**3 - d**2 + 8*d - 3. Let h(m) = 2*m**3 + 7*m - 2. Let u(y) = 4*h(y) - 3*o(y). Determine u(4).
1
Let a(q) = -q**3 - 43*q**2 + q - 2*q - 1 + 47*q**2. Calculate a(4).
-5
Let n(y) = -3*y**3 + 4*y**2 + 0*y**2 + 1 + 2*y**3. Suppose 5*u - 12 = -5*j + j, 0 = -2*u - 4*j. Determine n(u).
1
Let n = -16 + 16. Let t(g) = -6*g + 2 - 8 + n + g**2. Determine t(7).
1
Let x be (-6)/((3 + -4)*-2). Let v(o) = o - 2. Let q(g) = 2*g - 5. Let z(a) = x*q(a) + 7*v(a). Determine z(6).
7
Let w(b) = -b**3 - 5*b**2 - 3*b - 7. Let i(s) = -3*s**2 + s - 1. Let o be i(-1). Calculate w(o).
8
Let r = -5 - -8. Let z(o) = -2*o**2 - o**2 + 0*o**r + 2*o**3. Suppose 6*j - 10 = j. Calculate z(j).
4
Let x(k) be the first derivative of k**2 - 8*k - 12. What is x(7)?
6
Let f(r) be the first derivative of -r**3/3 + r**2/2 - 3. Let w(s) = s**3 + 3*s**2 + 6*s - 1. Let a(o) = 2*f(o) - w(o). Give a(-4).
1
Suppose 5*a - a = 0. Suppose 2*y = 5*q - 20, a = -0*y + 3*y - 2*q + 8. Let t(o) = 4 - 3*o**2 + 0 + 3*o**2 - o**3 + o**2. Give t(y).
4
Let y(c) = 4*c + 2. Suppose -10*d = -8*d - 10. What is y(d)?
22
Let a = -5 - -9. Suppose 3*d - 6 = -0*d. Let x(k) = k - 2 + k**3 + 0*k**3 - 4*k**d - 1. Calculate x(a).
1
Let h(b) = b + 15. Let f = 17 - 25. Calculate h(f).
7
Let b be 1*-4 - -1 - -1. Let v(g) be the third derivative of g**6/60 + g**5/20 - g**4/24 - g**3/3 + 68*g**2. Calculate v(b).
-4
Let f(d) = d**3 - 3*d**2 + d + 2. Suppose 0*q = 3*q - 9. Suppose q = 2*a - m, a - 6 = 4*m - 22. Suppose -a*x + o + 2 = -9, 3*o + 3 = 2*x. Determine f(x).
5
Let x(d) = d**3 - 6*d**2 - 6*d + 10. Let u(m) = -m - 6. Let l be u(0). Let i(h) = h**3 - 5*h**2 - 5*h + 9. Let j(s) = l*x(s) + 7*i(s). Give j(0).
3
Let l be (3/(-6))/((-1)/12). Let y(h) = 2*h + 2 - h - 5*h + 3*h. What is y(l)?
-4
Suppose -4 = n - 6. Let g(s) = -3*s + 2*s + n*s**2 - 12*s**2 + 0*s**2. Give g(1).
-11
Let i(n) = n + 11. Let l be i(0). Let p(a) = 6*a - 25 + 7*a**2 + 11 + l + 7 + a**3. Give p(-6).
4
Let t = 57 - 49. Let u(s) = s**2 - 6*s - 10. What is u(t)?
6
Let i(w) = -w**2 + 6*w + 3. Let j = 57 + -50. What is i(j)?
-4
Let o(k) = 9*k**2 + 13*k + 11. Let z(a) = 5*a**2 + 7*a + 6. Let p(i) = 6*o(i) - 11*z(i). Suppose -2*b - 8 = -3*b. Suppose -s - 3*s = -b. Calculate p(s).
-2
Let d(p) = 18 - 18 + p. Calculate d(-1).
-1
Let l(t) = 11*t**3 + t + t + 14 - 15. Calculate l(1).
12
Suppose 0 = -0*l + 5*l + 10, 0 = 3*y - 4*l - 5. Let v(f) = -7*f**3 - f. Calculate v(y).
8
Suppose 0 = -3*h + 8*h - 70. Let m = -10 + h. Let k(o) = -o - 3*o - m + 5*o**2 - o**3 + 0. What is k(4)?
-4
Let b(m) = m**3 + 3*m**2 - 5*m - 5. Let k be b(-4). Let o(s) = 5*s**2 + 2*s + 4. Let t(r) = 1. Let p(d) = o(d) - 3*t(d). Determine p(k).
4
Let j(i) = i. Let z = 19 - 15. Give j(z).
4
Let b(d) = 1 - d**2 + 5*d + 0*d**2 - 5*d + 6*d. Calculate b(5).
6
Suppose -f + 3*c = 0, 0*f - 16 = -5*f - c. Let l(s) = 3*s**2 - 3*s - 2. Let h(o) = -13*o**2 + 12*o + 8. Let j(t) = 2*h(t) + 9*l(t). What is j(f)?
-2
Let p(v) be the second derivative of v**4/12 - 5*v**3/6 + 2*v**2 - 2*v. Let u(l) = -17*l + 89. Let x be u(5). What is p(x)?
0
Let x(i) = i**3 - 7*i**2 + 8*i - 7. Let n be ((-18)/5 - -4)*5. Suppose 0 = 4*u + 7 - 23, -26 = -3*w - n*u. Calculate x(w).
5
Suppose -5*y + 18 = -7. Let a(i) = -i**2 + 3*i - 3. Calculate a(y).
-13
Let a(m) = 0*m - 2 - 2*m + 1. Let n(p) = 5*p - 5. Let d be n(2). Let u(r) = -r**3 + 4*r**2 + 5*r - 4. Let q be u(d). Give a(q).
7
Let h(r) be the second derivative of r**4/12 - 2*r**2 + 2*r. Calculate h(3).
5
Let p(x) = -3*x - 2 + x**3 - x + 4*x**2 + 6*x. Let l(y) = 2*y**3 - y**2 + y + 1. Let w be l(-1). What is p(w)?
1
Let x = -13 + 8. Let n(l) = 5*l + 8. Let c(k) = 6*k + 2 - 1 + 8. Let q(p) = 6*c(p) - 7*n(p). Determine q(x).
-7
Let v(s) be the second derivative of s**6/180 - s**5/40 + 2*s**3 + 2*s. Let o(x) be the second derivative of v(x). Suppose 7 = -3*n + 16. Calculate o(n).
9
Let c(i) = 3*i**2 - 10*i - 6. Let u(b) = -2*b**2 + 5*b + 3. Let n(q) = 3*c(q) + 5*u(q). What is n(-3)?
3
Let n(f) = f**3 - 4*f**2 - 6*f + 7. Let b(v) = 4*v**3 - 15*v**2 - 23*v + 27. Let p(c) = 2*b(c) - 9*n(c). What is p(7)?
-2
Let q(t) be the third derivative of -t**4/12 - 4*t**3/3 - 23*t**2. Calculate q(-8).
8
Let g(b) = 3*b**2 - 2*b**2 + 6*b - 4 - 4. Suppose 0 = 522*d - 520*d + 14. What is g(d)?
-1
Let p(y) = 4*y**3 - 9*y**2 - 1. Let z(h) = 5*h**3 - 10*h**2 - h - 1. Let j(v) = 6*p(v) - 5*z(v). Give j(-5).
-1
Let s(u) be the first derivative of u**2/2 + 4*u - 3. Let a be s(0). Let i(t) = -2*t**3 + t**3 + 7 + 4*t + 0*t**3 + a*t**2. Calculate i(5).
2
Let m = 4 + -3. Let x(g) = 0 + 2*g - 2 - 6 - m. What is x(6)?
3
Suppose 0 = -16*q - 76 - 20. Let b(s) = -s**2 - 7*s - 8. What is b(q)?
-2
Let o be (0 - 3/6)*-16. Let a(z) = -7*z - 2 + 1 + o*z. Calculate a(0).
-1
Suppose -22 = 4*h + 2. Let o(r) = 2*r + 6*r + 2 - 3*r + r**2. Calculate o(h).
8
Let o = 37 + -37. Let v(r) = -r**2 + r - 3. What is v(o)?
-3
Let v(q) = -3*q**2 + 2*q - 1. Suppose -4*n = 3*u - 27, 6 = -3*n - 0*n + 3*u. Let y be (-1 + n - -4) + -4. Give v(y).
-9
Let z(y) = -16*y**2 - 24*y + 21. Let w(c) = 3*c**2 + 5*c - 4. Let v(f) = -11*w(f) - 2*z(f). Give v(-6).
8
Let a(h) = 6 + 1 + 5*h - 2 - 3*h. Let c be (18 - 8)*4/10. Let k = -10 + c. Determine a(k).
-7
Let j = -10 - -11. Let f(r) = r**2 - 1. Determine f(j).
0
Let i be (-45)/(-2)*(-8)/(-20). Let s(x) = x - 11. Determine s(i).
-2
Suppose -3*g - 1 = -2*g, 7 = t - 3*g. Let p(w) = w - 9. What is p(t)?
-5
Let n(a) = 5 - 3*a**3 + 2*a**3 - 3. Let p = 8 + 2. Let s be p/(-15) - 4/3. What is n(s)?
10
Let w(x) = -6 - x**3 + 0*x**2 - 4*x**2 - x + x**2 + 2*x**2. Let i(n) = -2*n**3 - n**2 - 2*n - 12. Let v(a) = -6*i(a) + 11*w(a). What is v(5)?
11
Let s(y) be the first derivative of -y**3/3 - 2*y**2 - 5*y + 6. Determine s(-7).
-26
Let s be (-1 + 0)*(1 - 2). Suppose 7 = 2*h + s. Let r(t) = -5*t - 5*t**2 - 6 + 5*t + t**h. What is r(5)?
-6
Let x(g) = -g**3 + 8*g**2 - 4. Let t be x(8). Let u = t - -5. Let y(w) = w**3 + 2*w - 1. Calculate y(u).
2
Let m(n) = -n**3 + n**2 + 1. Let y(r) = -6*r**3 + 6*r**2 - r + 5. Let w(o) = -5*m(o) + y(o). Give w(0).
0
Suppose 5*j = -4*h + 1, 3*h + 1 = j + 4*h. Let r be (0 + 0)*(2 + j). Let x(v) = -v**2 - v - 7. Calculate x(r).
-7
Let b(x) = 2*x**2 + 15*x + 13. Let w(j) = j**2 + 7*j + 6. Let l(n) = 3*b(n) - 7*w(n). Determine l(-6).
-15
Let i(j) = -j**2 + 19. Let g(y) = -y - 18. Let h be g(-18). Calculate i(h).
19
Let c(m) = m**3 - 7*m**2 + 5*m - 1. Suppose 4*k = 24 - 4, -4*b = 3*k - 63. Suppose 0 = -i + 3*i - b. Give c(i).
-7
Suppose -3 = -x - 0. Let f(m) = 5*m**2 - m**3 - 2*m + 2*m - m - 2*m - 4. Calculate f(x).
5
Let g be -3 - (2 + -3 + -1). Let s(j) be the third deriva